luate 2 - (2 + -1 + 6 + -3).
-2
Calculate 13 - 5 - ((-3 - 0) + 1).
10
Evaluate (-2 - -2) + (-3 - (-8 + 2)).
3
Calculate -9 + 5 - (-3 - -1).
-2
Evaluate -10 + 7 + 8 + 3.
8
Evaluate -8 - 1 - -5 - 0.
-4
What is 6 - (21 + -18 - (-1 - -2))?
4
Calculate (7 + -5 - 5) + (4 - 1).
0
What is -3 + 7 - 7 - (0 + -1)?
-2
-1 + (4 - (3 + (-10 - -5)))
5
3 - (-2 - (-5 - 3))
-3
(11 - -1) + (-6 - 3)
3
Evaluate -5 + (4 - -1 - 5).
-5
Calculate (5 - 5) + (3 - 7).
-4
What is -7 + (-2 - -3) - (8 - 8)?
-6
Calculate (1 - 9) + -69 + 79 + -11.
-9
What is -7 - ((-25 - -20) + (2 - -2))?
-6
Evaluate -7 + 4 - -8 - (1 - 1).
5
Calculate 24 - 24 - (2 + -7).
5
Evaluate 1 + 7 + 0 + -3 + 0.
5
2 + (1 - (3 - 4)) + -7
-3
3 - (-2 + 2) - -2
5
What is the value of -39 - -40 - (0 + 1 + 0)?
0
What is the value of (13 - 5) + (-4 - -1)?
5
Calculate -3 - (-9 + 10) - -9.
5
Evaluate -3 - (8 + -4 + -6) - -5.
4
Evaluate -5 - (0 + -1) - (12 + -16).
0
5 - 1 - (11 - (7 + -1))
-1
Evaluate 3 - (6 + -4 - (7 + -5)).
3
Calculate -6 + 1 + (-2 - -6).
-1
2 + -9 + 2 - -10
5
What is the value of -6 - (0 + 2 - (14 - 10))?
-4
What is -3 + (0 - -12) + 1 + -2?
8
Evaluate -4 - (-5 - -4) - (1 - 3).
-1
Calculate 0 - 0 - (-23 - (8 - 38)).
-7
What is the value of -8 + 8 + 7 - 11?
-4
-3 - -8 - 6 - -5
4
What is (-1 - (3 - 0)) + (7 - -2)?
5
What is the value of -8 + (1 - 4 - -7)?
-4
What is 4 - (-1 + (5 - 3 - -4))?
-1
6 - (1 - -7 - 6)
4
-3 - (-2 - 5) - (8 + -4)
0
What is (17 - (2 + 7)) + -8?
0
What is -2 + 4 + -1 + -1 + 3?
3
What is the value of 4 + (0 + -5 - -2)?
1
Calculate -21 + 15 + (1 - 0) - -6.
1
2 - (6 + -1 + -2 + -5)
4
8 + -10 - (-1 - -2 - 3)
0
What is (21 + -19 - (-1 + -1)) + -2?
2
Evaluate 0 - (-5 + (1 - 0)).
4
What is the value of 7 + 0 + 2 - 5?
4
What is -4 + -2 + 5 + -4 + 2?
-3
What is (4 - 1) + (-10 + 30 - 19)?
4
Calculate -2 + (6 + -3 + 3 - 2).
2
What is the value of (-7 - 1) + 7 - (0 + 1)?
-2
What is (14 - -4) + -14 - 3?
1
What is the value of 6 + (2 - 4) + 3 - 2?
5
(4 + -5 - -2) + 2
3
Evaluate -5 + 1 + (-3 - -1).
-6
0 + (3 - -9) + -6
6
Calculate -7 - (-4 - -2) - (-110 + 112).
-7
Calculate 1 + 2 - (-9 + 4 + 7).
1
-2 - -1 - (2 - 4 - 2)
3
Calculate 3 + -1 + (5 - 3).
4
Calculate -8 + 6 + -7 - -6.
-3
What is (2 - 1) + (-7 - -4 - 0)?
-2
Evaluate 0 - 2 - ((11 - 17) + 5).
-1
2 + (-7 - -7) - -4
6
Calculate 3 + (-3 + 4 - 1).
3
-6 - (-3 + 0) - 1
-4
Calculate -6 + (3 + 11 - 12).
-4
Calculate (-5 - 7) + 8 + 5.
1
What is 5 + -2 - (6 + -3)?
0
What is the value of (-6 + 4 - -1) + (3 - 5)?
-3
Calculate -5 + 1 - (-5 - 3 - -3).
1
What is the value of 9 + (1 + -2 - (-2 + 5))?
5
What is (4 - (-5 - 2 - -7)) + -9?
-5
Evaluate (-2 + 6 - 3) + 1 + -6.
-4
-1 - ((-6 - 2) + 8)
-1
Evaluate 0 - -3 - (3 - -3).
-3
-3 + (16 - 7) + -3 + -6
-3
What is the value of 5 + 7 + -6 - 6?
0
(-3 - 4) + (7 - (-2 - -11))
-9
-3 - (-1 - -3 - (30 + -31))
-6
What is (6 - 5) + 1 + 3?
5
What is 0 + (15 + -8 - (21 + -6))?
-8
What is (-2 - -3) + -4 - -2 - -1?
0
What is 2 - 2 - (4 + 1)?
-5
Calculate 7 + (-40 - -42) + (-10 - 0).
-1
Calculate 20 + -9 + (-16 - -1).
-4
Calculate (4 + -5 - -4) + 2.
5
What is 1 + -4 + 1 + 2?
0
Evaluate (-3 - -2) + (-1 - (-2 - 5)).
5
Calculate -3 + (2 + 1 + -3 - -3).
0
5 + 5 + -17 + 10
3
Evaluate -6 + (-7 - (7 - 21)).
1
What is 0 + (0 - -1) + 1 + 4?
6
What is the value of 14 + -10 - (5 - 6)?
5
Calculate -12 - (-2 + 0) - (13 + -15).
-8
Evaluate -1 - (-7 + (-4 - -3 - -7)).
0
Evaluate 3 - (2 - -1 - -5).
-5
Evaluate (27 + -6 + -1 - 6) + -4.
10
What is the value of (-6 - -2) + (-5 - -11) + -5?
-3
-3 - -8 - -2 - (-30 + 32)
5
Evaluate 4 - (1 + -3 - -7).
-1
What is 2 + (-4 - (-4 + -3 - -9))?
-4
Calculate 76 - 84 - (-1 - (2 + -2)).
-7
What is -2 - (5 + (2 - 4))?
-5
Calculate (7 - (-1 + -1)) + -14.
-5
Calculate -4 - (-5 - -7 - 11).
5
-2 + 2 + -2 + (-3 - -6)
1
4 + 1 + -3 + 1 + 2
5
Evaluate 0 + 6 - (-1 + -1) - 3.
5
What is the value of 58 - 62 - (0 + -11)?
7
-6 + 4 - (6 + 4 + -5)
-7
What is 2 + -2 - 0 - (-11 + 7)?
4
Calculate (13 - (4 + -2 - -3)) + -6.
2
Calculate (-9 + 13 - 2) + -4.
-2
Calculate 5 + (-1 + 1 - 0) - 1.
4
7 + (-1 - 1) + -7
-2
Evaluate 0 + -2 - (-3 + 3).
-2
4 + -6 + -1 + 4
1
What is the value of (0 - 3) + 19 - 11?
5
-3 - (0 - 5) - -3
5
What is -13 + -21 + 15 + (11 - -3)?
-5
Calculate -1 + 0 + (13 - 23 - -19).
8
Evaluate 2 - 0 - (5 - 6).
3
What is 3 - 2 - (0 + 0) - -2?
3
-3 + 1 - -5 - (17 + -18)
4
Evaluate 0 + 2 - -2 - (-4 - -4).
4
Evaluate 0 - 0 - (28 + -26).
-2
What is the value of 1 + (-2 + -2 + 0 - -3)?
0
Evaluate 3 + (3 + 5 - 9).
2
-2 + 7 + (-14 - -8)
-1
Calculate -4 - (0 - (5 - -3)).
4
1 + 2 - (9 - (5 - 2))
-3
Calculate -1 - (-11 + 3 + 4).
3
4 - (1 - (-8 + 3 - -4))
2
(2 - 8 - -5) + (1 - -4)
4
-1 + -6 + 9 + 2
4
Calculate 3 + (-2 - 0) + 1 + 2.
4
Evaluate 1 - (4 + -9 + (-5 - -7)).
4
-1 - -5 - (14 + -13)
3
What is 12 + 14 + -8 + -7 + -2?
9
Calculate 3 - ((-6 - -2) + (4 - -2)).
1
What is the value of 1 + (-8 - -3) + 8?
4
What is the value of 2 + -3 - (1 - -1) - -7?
4
Evaluate 4 - (2 + 5 - 0).
-3
Calculate -1 - (1 + -3 + -2) - 6.
-3
What is the value of -14 + 18 + -2 + -10 + 0?
-8
Calculate (7 + 0 - 3) + -18 + 16.
2
Calculate (-5 - -2) + -1 + 1 + 1.
-2
What is the value of -7 - (-1 + -2 + 1)?
-5
Calculate -64 + 65 - (0 + 4 - 0).
-3
Evaluate -25 + 19 - (-4 - 0).
-2
What is 2 + -1 + 1 + -2 + -3?
-3
-1 + 5 + -2 - -1
3
1 + 3 - (-8 - -7)
5
What is the value of 1 + 0 - (7 - (4 - -8))?
6
-3 - (-8 - (-3 + -3))
-1
Evaluate (13 - (7 + -4)) + -20.
-10
Calculate 0 + -2 - -4 - -2 - 5.
-1
What is -6 - (-4 + -2 + -1 + 4)?
-3
What is 0 - (5 + -6 - -4) - -7?
4
Calculate -3 - -6 - 2 - 4 - -3.
0
What is 1 + 2 + 20 + -20?
3
Evaluate (4 - -6) + (3 - (2 - -8)).
3
Evaluate (11 - (11 + -2 + -2)) + -2.
2
What is the value of (-3 - 3 - -2) + 5?
1
5 - -10 - (3 + 12)
0
What is the value of -8 - (3 - (-2 - -12))?
-1
Calculate 2 + -9 + (7 - 4).
-4
What is 7 - (4 - -3) - -1?
1
Calculate 2 + 0 - (4 - (0 - -6)).
4
What is the value of (-6 - -20 - 9) + -3?
2
What is -6 - -7 - (4 + (0 - -1))?
-4
What is 14 + (-10 - -9) + -6?
7
Evaluate 1 + (2 + 2 - 2 - -3).
6
What is (7 - 12) + 0 + 4?
-1
Calculate 0 + -1 + (3 - -9 - 7).
4
What is 3 + 5 + -1 + (9 - 11)?
5
What is the value of 5 + -4 + 1 + -1?
1
(-3 - (1 - (-4 - -3))) + 1
-4
What is the value of -8 + 12 + -6 - (0 - -5)?
-7
What is the value of 7 + (-7 + 0 - -6)?
6
What is the value of -1 + (-3 - -4) + -3?
-3
What is -1 - (6 - 7) - -6?
6
What is the value of (-3 - -4) + 5 - (-1 + 13)?
-6
What is the value of -2 + -1 + -1 + (25 - 23)?
-2
What is the value of 2 + 1 + 58 + -55?
6
What is the value of 5 + 2 + (4 + 0 - 10)?
1
Evaluate (2 - (-2 + -1 - -1)) + -9.
-5
-4 - (-12 - -18 - (16 - 0))
6
What is (-1 - -3) + -3 + -46 + 55?
8
Calculate -2 + (8 - (9 - -1)).
-4
What is 5 + -1 + 14 + -16?
2
What is 1 - (-4 - 4) - (4 - 0)?
5
Calculate (1 - 2) + 6 + -8 + 3.
0
Calculate -8 + -11 + 12 + 10.
3
Calculate (16 - 1) + -51 + 46 - 4.
6
Evaluate -3 + 2 - -1 - (0 - 3).
3
Calculate 5 + 1 + 14 + -9.
11
Evaluate -15 - (13 + -18 + -7).
-3
Evaluate 5 + 0 + (3 - (7 + -2)).
3
12 + 14 + -22 - (7 + -1)
-2
(-7 - -7 - -13 - 7) + -1
5
Evaluate -2 + -7 + 0 - -5 - 0.
-4
Evaluate (4 - 6 - 2) + -4.
-8
Evaluate (-3 + -1 - -9) + -10 - -6.
1
What is (-6 - -12 - (2 + -1)) + -4?
1
2 - (5 + -7) - 9 - -7
2
-9 - ((0 - 4) + -11)
6
Calculate (-9 - -10) + (-1 - (1 - 2)).
1
What is the value of (-4 - 2) + (2 - -4)?
0
Evaluate 5 + (0 - 2) - 6 - -1.
-2
What is 5 - (7 + -5 + 6)?
-3
Evaluate -2 - (-17 - -5 - -8) - 11.
-9
-1 + (7 - 13) - -17
10
What is -6 - (-5 + 2) - (5 - 5)?
-3
Calculate -11 + (31 + -9 - 11).
0
What is -5 + 2 - (15 + -17)?
-1
6 + (-1 - 0) + (-3 - -2)
4
What is (5 - 6) + -2 + -2 + 1?
-4
2 - -4 - 1 - (-8 - -15)
-2
(1 - 2) + (-3 - -8)
4
What is the value of -5 + (-3 - (-2 + -3 + 3))?
-6
What is the value of 2 + 1 - (-4 + -1 + 10)?
-2
(6 + -3 - 1) + (4 - 0)
6
What is (8 - 11 - (1 - 5)) + 0?
1
91 - 90 - (3 + -1)
-1
(6 - 16) + 5 - -6
1
What is (3 - 9) + 2 + 0?
-4
Calculate -11 - -6 - (3 + (-3 - 5)).
0
Evaluate 5 + (-8 - (-11 + 12)).
-4
What is 0 - 2 - (-1 + -6 - -3)?
2
0 - (2 + (4 - 4))
-2
Evaluate 5 + -3 + 6 + -3 + 2.
7
What is -2 + -1 - (4 + -9)?
2
What is -11 + 8 + (4 - 2)?
-1
What is the value of 1 + (-1 - 1) + -8 + 4?
-5
What is the value of 12 + -2 + (6 - 12)?
4
Evaluate -3 + (8 - 9 - (-1 - 1)).
-2
Evaluate -6 + (-2 - (-7 + (-2 - -6))).
-5
(0 - 1